 - -1*(-3)/(-1). Calculate the highest common factor of w and m.
2
Suppose -4*p - 4*o + 124 = 0, 2*p - 7*o = -3*o + 56. What is the highest common divisor of 20 and p?
10
Let m(z) = 11*z**3 - 2*z + 1. Let s be m(1). What is the highest common factor of s and 6?
2
Let r(b) = 8*b**2 - 3*b - 2. Let z be r(-2). Let k = -3 - -12. Calculate the greatest common factor of z and k.
9
Suppose 3*j - 4*y = 14, 5*j - 35 = 4*y - 9. Calculate the highest common factor of j and 30.
6
Suppose -c + 369 - 86 = -4*z, -4*c = 3*z - 1094. What is the highest common divisor of c and 25?
25
Suppose 9*a - 465 = -132. What is the greatest common divisor of 333 and a?
37
Let h(j) = -32*j. Let r be h(-1). Let i(g) = -11*g - 8. Let n be i(-8). Calculate the greatest common factor of n and r.
16
Suppose 3*k = -4*h + 60, h - 6*h = k - 86. What is the greatest common factor of 6 and h?
6
Let q = 3 - 12. Let k be ((-240)/(-4))/(q/(-6)). Calculate the greatest common factor of 20 and k.
20
Suppose n - 5*f - 8 = 4, 3*f + 3 = 0. Let a(j) = 7*j. Let r be a(n). Calculate the greatest common divisor of 7 and r.
7
Let f be 40/6*3/(-2). Let r(k) = -k**2 + 10*k - 9. Let m be r(6). Let v = m + f. Calculate the greatest common divisor of v and 25.
5
Let z = 69 - 35. What is the greatest common factor of 51 and z?
17
Let z = -149 - -153. Suppose 4*s - 5*a = 128, 0*a = -4*s - a + 128. Calculate the greatest common factor of z and s.
4
Suppose 0 = -7*y + 15*y - 40. Suppose -4*u + 2*m - 6 = 0, 2*m - 4*m + 8 = -2*u. What is the highest common factor of u and y?
1
Let f = 3 - 2. Suppose -f + 2 = m. Let p be -3*m*(-70)/15. Calculate the highest common divisor of p and 2.
2
Let k be (-74)/(-14) - (-8)/(-28). Suppose 47 = 3*x - k*y, -5*x - 3*y + 0*y = -67. Calculate the greatest common divisor of x and 42.
14
Let q(z) = -z + 20. Let p be q(11). Let v(l) = l**2 - 2*l - 3. Let c be v(-6). Calculate the highest common factor of p and c.
9
Let m(p) = -p**3 + 8*p**2 - 7*p + 8. Let c be m(7). Suppose 3*a = 18 + 30. What is the highest common factor of a and c?
8
Let j be 1 - 2 - (-11 + -1). Suppose 2*l = -2*u - 20 + 4, u + 5*l = -28. Let n be 4/u - 602/(-6). What is the greatest common factor of j and n?
11
Let h be -2 - -3 - -15*9. Let t = -7 + h. Let g = -75 + t. Calculate the greatest common factor of 6 and g.
6
Let t(c) = -20*c + 4. Let o be t(-13). What is the greatest common factor of o and 66?
66
Let z be -2*(-3)/(-2)*-1. Let t be 3/(-2 + z)*-1. Let w be 13 + -3 - (t - 0). What is the highest common divisor of w and 117?
13
Suppose 0 = 3*z + 3*c - 27 + 255, 2*z = c - 164. Let u = 136 + z. What is the greatest common factor of u and 8?
8
Suppose 4 = 3*y + 1. Let j(d) = -d. Let l(g) = -4*g - 8. Let s(r) = y*l(r) - 5*j(r). Let z be s(9). Calculate the highest common factor of 5 and z.
1
Let z(w) be the third derivative of -1/60*w**5 + 0*w + w**3 + 0 + 1/4*w**4 + 3*w**2. Let s be z(6). Calculate the highest common factor of s and 6.
6
Let h(o) = 10*o**2 - 2*o. Let w be h(-3). What is the greatest common factor of 64 and w?
32
Let w(d) = -d - 1. Let h(c) = -3. Let f(y) = 2*h(y) + 2*w(y). Let q be f(-5). Calculate the highest common factor of q and 1.
1
Let v be 40/2 + 2 - -2. What is the highest common divisor of 216 and v?
24
Let w = 28 + -22. What is the greatest common divisor of 18 and w?
6
Suppose -148 = -3*y + 4*a, 4*y - 234 = -3*a + a. Let c = -35 + y. What is the greatest common factor of c and 14?
7
Let u(b) = -b**3 - 14*b**2 - 22*b + 12. Let n be u(-14). What is the highest common divisor of 40 and n?
40
Suppose -6*l = -0*l - 132. Let h(s) = -66*s**3 - s - 1. Let b be h(-1). Calculate the highest common divisor of b and l.
22
Let q = -58 + 86. What is the greatest common divisor of q and 14?
14
Let b be (71/(-1))/(-1 - 0). Let x = b - 39. What is the highest common divisor of x and 8?
8
Let v be (1/(-2))/((-11)/264). What is the highest common factor of v and 3?
3
Suppose -3*f = f - 180. What is the highest common factor of f and 9?
9
Let c = 203 + -200. Let r = 20 - 14. Calculate the greatest common divisor of r and c.
3
Let o(g) = -3*g - 15. Let i(j) = -4*j - 15. Let q(w) = 4*i(w) - 5*o(w). Let u be q(0). What is the highest common factor of u and 10?
5
Suppose -4*o = -2*o. Suppose o = -3*h - 2*p + 60, -4*h - 6*p + 2*p = -76. Suppose m - 10 - h = 0. Calculate the greatest common factor of m and 80.
16
Suppose -3*d + 50 = -58. Suppose 52 = 3*s + 16. Calculate the greatest common divisor of d and s.
12
Let u be 6/9 - 94/6. Let y be -1 - u/(-6)*-6. Let g be 316/28 - 4/y. What is the greatest common factor of 22 and g?
11
Suppose -3*p + 196 = 4*t, -184 = -3*p + t - 2*t. Suppose -p = -2*a - a. Calculate the highest common divisor of 30 and a.
10
Suppose 2*a + a = b + 272, 3*a + 2*b = 266. What is the highest common factor of 10 and a?
10
Suppose 3*z = 4*z - 5. Suppose -4*r + z*r - 1 = 0. Calculate the highest common divisor of r and 9.
1
Let h(b) = -5*b - 1. Let o be h(-8). Suppose 4*r - o = -m, -11 - 10 = -4*r + 5*m. Calculate the greatest common factor of 99 and r.
9
Let d be 45/6*54/15. Calculate the greatest common factor of d and 216.
27
Let k be 12/(-3 + 0) - -34. Suppose -c = -3*f + 3*c + 22, 16 = 3*f + 2*c. Suppose -3*v = -f*v + 45. What is the highest common factor of v and k?
15
Let r be (-8 + 11)*(-154)/(-3). What is the highest common divisor of r and 22?
22
Suppose -3*j - 2*g + 2 = 3*g, 0 = -2*j + g + 23. Suppose 4*d - 3*d = j. What is the greatest common factor of 81 and d?
9
Let n be 2/8 - (-670)/8. Let w = n + -35. What is the highest common factor of w and 7?
7
Let h = 14 - 26. Let p = 2 - 3. Let m be p/4 + (-39)/h. Calculate the highest common factor of 15 and m.
3
Let o = -25 - -34. What is the greatest common divisor of 72 and o?
9
Let q = -16 - -24. Suppose -3*b = -q + 2. What is the highest common divisor of b and 16?
2
Let k(x) = -12*x - 4. Let u be k(-1). Calculate the highest common factor of 32 and u.
8
Suppose 3*h + r = h + 67, 90 = 3*h - 2*r. What is the highest common factor of h and 4?
4
Let m(o) = -o**2 - 6*o + 8. Let r be m(-7). Let q be ((-1)/(-1)*r)/1. What is the greatest common divisor of 3 and q?
1
Let q = 166 - 142. What is the greatest common factor of 42 and q?
6
Let v = 6 - 10. Let z be -2 + 2 - (-40)/v. Let u be ((-48)/(-20))/((-4)/z). Calculate the highest common divisor of u and 3.
3
Let h(m) = -m**2 + 9*m. Let t be h(6). Let x(w) = w**2 - 14*w + 6. Let d be x(14). Calculate the greatest common divisor of d and t.
6
Suppose 2*u - 5*l = 29, -4 = -3*u - 3*l - 13. Let g be u - 1/(-3)*0. Let v be 3*4*g/3. Calculate the highest common factor of v and 8.
8
Suppose 392 = 4*w - 568. Calculate the highest common divisor of 30 and w.
30
Let k(q) be the first derivative of -q**3/3 - 2*q**2 - q - 3. Let s be k(-3). Let j = 0 - -1. Calculate the highest common factor of s and j.
1
Suppose 4*n = 0, -4*z + 4*n = -382 - 514. Let y = z + -99. Calculate the highest common factor of y and 50.
25
Let w be 4/60*-3 - (-21)/5. Calculate the greatest common divisor of 36 and w.
4
Suppose 4*i - 10 = 2*i. Suppose -i*w = b - 273, -w + 6*b = b - 65. Suppose d = -5, 0*m - d = 3*m - w. Calculate the greatest common factor of 30 and m.
10
Let f = 11 - 6. What is the highest common divisor of 30 and f?
5
Let z(c) = 6*c**3 + c**2 - c + 1. Let h be z(1). Suppose 0 = 8*q - h*q - 14. What is the greatest common divisor of 70 and q?
14
Let a(z) = z**2 - 6*z - 14. Let q be a(13). Suppose 2*p = q + 1. What is the highest common divisor of 13 and p?
13
Suppose -3*i - r = -12, 2*i - 2*r - 31 = -3*i. Let m be ((-27)/12 - -1)*-4. Calculate the highest common factor of m and i.
5
Let m be (-4*4)/(5 + -7). Suppose 3*f + 30 = m*f. What is the highest common factor of 30 and f?
6
Let a(s) = 2*s**2 - 5*s - 24. Let v be a(7). What is the greatest common divisor of v and 13?
13
Let r(a) = 7*a + 1. Let t be r(1). Suppose 2*q + 0*c - 4*c = 144, -2*c = 0. Calculate the highest common factor of q and t.
8
Suppose -3*o + 1 = 7. Let y = 74 + o. Calculate the highest common divisor of 9 and y.
9
Let l = -90 - -95. Calculate the highest common factor of l and 20.
5
Let m be -2 + 0 + (0 - -29). Let y be ((-12)/10)/(3/15). Let u be y/4*10/(-5). Calculate the greatest common divisor of m and u.
3
Let o = 